n divisor of w and v?
6
Suppose 4 = -4*q - 5*g, -q + 2*g + 18 = 6. Suppose -2*x - s + 26 + 24 = 0, q*x - 116 = 2*s. What is the highest common divisor of 27 and x?
27
Suppose 11*g + 554 = 1478. Calculate the greatest common factor of 28 and g.
28
Let i(t) = -64*t + 14. Let m be i(-4). Suppose 8*a - m = 2*a. Calculate the highest common divisor of a and 5.
5
Let n(g) = -2*g**3 - 36*g**2 - 4*g + 49. Let o be n(-18). What is the highest common divisor of o and 3?
1
Let r be 8*(-9)/(-42)*(-21)/(-2). Suppose -v - 5*o = -0*o - 9, 3*v - 5*o = -33. Let q be 6/9 + (-266)/v. What is the greatest common factor of q and r?
9
Let r = -51 + 57. Let u = -2 - -14. Suppose -5*i + u = -i. Calculate the greatest common factor of r and i.
3
Suppose 5*m - 120 = -4*j, j - 75 = -3*m - 2*j. Let l = 32 - m. Suppose 3*h + 2*i = 396, h + 132 = 2*h - 4*i. Calculate the highest common factor of l and h.
12
Suppose 8*f = 5*f - 2*u + 710, 0 = -5*f - u + 1195. What is the highest common factor of f and 30?
30
Let m(b) = b**3 + 18*b**2 - 23*b - 23. Let l be m(-19). Let o = l + 32. Calculate the highest common factor of 34 and o.
17
Suppose 46 = 2*s + 4*d, 5*d = -4 - 1. What is the highest common divisor of s and 5?
5
Suppose 6*z + 35 = z - 3*a, -3*a - 3 = -3*z. Let h = z + 27. Let c = h - 11. Calculate the highest common divisor of c and 6.
6
Let w(a) = -3*a**2 - 40*a - 12. Let h be w(-7). What is the greatest common divisor of h and 44?
11
Let p be 6 - ((0 - -1 - 2) + -1). Let v be (0 + -12)/(p + -5 + -5). What is the highest common divisor of 24 and v?
6
Suppose -45*z + 1550 = 515. What is the greatest common factor of 1403 and z?
23
Let m(l) = -3*l + 109. Let p be m(22). Calculate the highest common factor of 473 and p.
43
Let l(g) be the second derivative of -g**4/6 + 7*g**3/6 + 5*g**2/2 - 2*g. Let c be l(7). Let i = c + 68. Calculate the highest common divisor of 36 and i.
12
Let c(u) = u**3 - 24*u + 27. Let k be c(6). What is the highest common divisor of 180 and k?
9
Let u(z) = z**3 - z**2 - 11*z. Let i be u(4). Suppose i*d - 7*d = -135. What is the greatest common divisor of d and 9?
9
Let h = -1 + -7. Suppose 2*j + 6*k = 3*k + 47, 5*j + k = 124. Let o = j + h. Calculate the highest common divisor of 119 and o.
17
Suppose 200*u - 203*u + 4*i = -35, 0 = 3*i + 15. Suppose -2*p - 8 = -4*p. Suppose p*h - 138 = -38. Calculate the highest common divisor of u and h.
5
Let z(h) = h**2 - 34*h - 983. Let f be z(-19). Let c = 185 + -129. What is the greatest common divisor of c and f?
8
Let y(a) = 6*a + 290. Let j be y(-10). What is the highest common divisor of 46 and j?
46
Let r be 1 - 1 - 8 - 3. Let i be ((-6)/4 + 1)*-42. Let u = r + i. Calculate the highest common divisor of 70 and u.
10
Let s be (-1)/(-2)*(-20)/(-10). Let h be (-2 - s - 0) + 0 - -80. Calculate the greatest common factor of 7 and h.
7
Suppose 0 = -5*y + 140 - 20. Let k be 8/36 - 561/(-27). Suppose -3*s = r - 3, 0*r + s - k = -2*r. Calculate the highest common factor of y and r.
12
Let m be 3*(-2)/3 - -2. Suppose m = -7*f + 4 + 3. What is the highest common factor of 8 and f?
1
Let b = 25 + -24. Let d be -24*-3*b/6. What is the highest common factor of 60 and d?
12
Let r = -24 + 13. Let j be (-3)/(6/8)*r. Suppose -a - 55 = -6*a. What is the greatest common factor of a and j?
11
Let t(x) = 2*x**2 - 22*x + 15. Let g be t(12). What is the highest common factor of g and 3?
3
Let b = 659 - 469. What is the greatest common divisor of b and 57?
19
Let u = 80 + -64. Suppose -2*n = -0 - 6. Let b be 50 + (1 - (0 + n)). What is the greatest common factor of u and b?
16
Let v(b) = 12*b**3 + 2*b**2 + 3*b - 5. Let n be v(2). Suppose 107*c - 220 = n*c. Calculate the greatest common factor of 44 and c.
22
Let p = 21 + -50. Let h = p + 41. Calculate the greatest common factor of h and 8.
4
Suppose 0 = 2*q + 1 - 9. Suppose q*o + 12 = 7*o. Calculate the highest common factor of 36 and o.
4
Let h = 276 - 258. What is the highest common divisor of 666 and h?
18
Let k(l) = -2*l + 7. Let p be k(6). Let o(s) = 2*s**2 + 8*s + 11. Let b be o(p). What is the greatest common divisor of b and 21?
21
Suppose 5*i = 13*i - 64. Suppose -4*j + 2*j = -4. Let q be 9/j*24/9. Calculate the greatest common divisor of i and q.
4
Let n be -1*(24/(-2) + 2). Let x(o) = -o**3 + 10*o**2 + 2*o - 3. Let p be x(n). Let l = p - 9. What is the greatest common factor of l and 16?
8
Suppose 0*x = -x + 16. Suppose -o = u - 2*o + 6, -x = 2*u - 3*o. Let t be u/(-4)*-2 + 27. What is the greatest common divisor of 13 and t?
13
Let l be 1 + (-4 - -42) - -1. Suppose -r - 13 = -2*f, -3*f - r + 27 = -0*f. Calculate the highest common factor of l and f.
8
Let g be (5 - 1)*2/4. Let d be (2 + 1)*(-154)/(-21). Calculate the highest common divisor of d and g.
2
Let j(z) = 160*z + 15. Let c be j(3). What is the highest common divisor of c and 45?
45
Let o(n) = -6*n**2 + 8. Let d be o(0). Calculate the greatest common divisor of 632 and d.
8
Let y(s) = -31*s**3 + s**2 + 16*s + 14. Let c be y(-1). Let l be (11 - 3)*2/4. Let j be (-26)/(-4) + (-2)/l. What is the highest common divisor of j and c?
6
Let c(w) = -w - 8. Let k be c(0). Let j be k/3*(-60)/8. Let x(z) = 8*z + 274. Let s be x(-28). Calculate the greatest common divisor of s and j.
10
Let g(k) = -k**2 + 3 - k**2 - 16*k - 4. Suppose 12*f = -3*f - 105. Let r be g(f). Calculate the greatest common factor of r and 52.
13
Let o(g) = -13*g + 4. Let i be o(-5). Suppose -2*v + 67 = -i. Calculate the greatest common factor of 102 and v.
34
Let x(d) = 4*d**3 + 8*d**2 - 3*d - 4. Let w be x(-2). What is the highest common factor of w and 202?
2
Let r = 546 + -420. Calculate the highest common factor of 70 and r.
14
Suppose 5*g - 704 - 16 = 0. Calculate the highest common factor of g and 48.
48
Let z = -83 - -59. Let x be z/20*(-10)/3. Calculate the greatest common factor of 10 and x.
2
Let d = 719 + -544. What is the highest common divisor of d and 75?
25
Let b = -290 - -298. What is the greatest common divisor of b and 344?
8
Let r be -3 - ((4 - 4) + -5) - -4. Suppose 2*z + 3*c = -2*c + 55, 3*z = -4*c + 65. Calculate the highest common divisor of z and r.
3
Suppose 0 = l - 83 + 58. Calculate the greatest common divisor of l and 60.
5
Let u be 1/(-4) + (-50)/(-8). Let c = -252 - -282. Calculate the greatest common divisor of u and c.
6
Suppose -3*j - 44 = -5*j. Let c = 7 - -37. Calculate the greatest common factor of j and c.
22
Let m(k) = 77*k**2 + k + 1. Let c be m(-1). Let h be (-23)/((-368)/96) + 5. Calculate the highest common divisor of c and h.
11
Let v be (-2)/(-7) + 655/35 + -1. Calculate the greatest common divisor of 2 and v.
2
Suppose 106 = k - 2*a + 27, -413 = -5*k + 4*a. What is the greatest common factor of 51 and k?
17
Let p(c) = -c**3 - 19*c**2 + 16*c - 44. Let f = -64 - -44. Let z be p(f). Calculate the greatest common divisor of z and 180.
36
Suppose 3*t + c = 690, 2*t + 212 - 672 = 2*c. Calculate the highest common divisor of t and 138.
46
Suppose 55*o + 20 = 60*o. Let y be (o/8)/(-4 + 1565/390). Calculate the highest common divisor of y and 104.
13
Suppose -l + 3 = -0. Let o(a) be the second derivative of -a**3/2 - 8*a. Let q be o(-2). What is the greatest common factor of l and q?
3
Let r(h) = 30*h - 8*h + 14*h + 30 - 21. Let m be r(3). Calculate the highest common divisor of m and 13.
13
Let j(t) = -t**3 - 23*t**2 - 27*t - 70. Let i be j(-22). What is the greatest common factor of i and 90?
10
Let w(h) = -2*h**2 + h + 18. Let t be w(0). Calculate the highest common factor of t and 18.
18
Let g(m) be the second derivative of 2*m**3/3 - 8*m**2 + 10*m. Let i be g(7). What is the greatest common divisor of 96 and i?
12
Suppose 563*v + 1274 = 570*v. Calculate the greatest common factor of v and 28.
14
Suppose q = 7*q - 402. Suppose -o - 8 - q = -5*j, 5*j + 2*o - 60 = 0. What is the greatest common factor of 42 and j?
14
Let n be ((-35)/10)/((-1)/30). Suppose 0 = -11*g + 4*g + n. Calculate the greatest common factor of g and 5.
5
Suppose 45 = j + 4*x, -112 = -2*j + 27*x - 24*x. What is the highest common divisor of j and 159?
53
Let x = 42 + -39. Suppose -4*c - x*p + 368 = p, -p = -1. What is the highest common factor of c and 39?
13
Let o(d) = 34*d - 58. Let w be o(5). Calculate the highest common divisor of